502 is divided by 14?
12
Calculate the remainder when 147 is divided by 69.
9
Calculate the remainder when 4702 is divided by 112.
110
What is the remainder when 347 is divided by 114?
5
What is the remainder when 5553 is divided by 101?
99
What is the remainder when 557 is divided by 51?
47
Calculate the remainder when 37 is divided by 20.
17
Calculate the remainder when 119 is divided by 11.
9
What is the remainder when 190 is divided by 181?
9
Calculate the remainder when 3573 is divided by 25.
23
What is the remainder when 787 is divided by 113?
109
What is the remainder when 340 is divided by 38?
36
What is the remainder when 5258 is divided by 20?
18
What is the remainder when 1045 is divided by 4?
1
What is the remainder when 181 is divided by 127?
54
What is the remainder when 384 is divided by 213?
171
What is the remainder when 263 is divided by 11?
10
Calculate the remainder when 510 is divided by 32.
30
What is the remainder when 324 is divided by 86?
66
What is the remainder when 4910 is divided by 57?
8
What is the remainder when 1580 is divided by 12?
8
What is the remainder when 698 is divided by 44?
38
Calculate the remainder when 1190 is divided by 393.
11
What is the remainder when 3874 is divided by 114?
112
What is the remainder when 11510 is divided by 19?
15
What is the remainder when 638 is divided by 623?
15
What is the remainder when 145 is divided by 53?
39
Calculate the remainder when 307 is divided by 143.
21
What is the remainder when 18 is divided by 4?
2
What is the remainder when 123 is divided by 45?
33
Calculate the remainder when 455 is divided by 77.
70
Calculate the remainder when 8119 is divided by 25.
19
What is the remainder when 1212 is divided by 81?
78
What is the remainder when 69 is divided by 12?
9
What is the remainder when 1069 is divided by 51?
49
Calculate the remainder when 2892 is divided by 138.
132
What is the remainder when 6070 is divided by 184?
182
Calculate the remainder when 23037 is divided by 4.
1
What is the remainder when 411 is divided by 26?
21
What is the remainder when 294 is divided by 19?
9
What is the remainder when 2090 is divided by 41?
40
Calculate the remainder when 203 is divided by 109.
94
Calculate the remainder when 31 is divided by 4.
3
Calculate the remainder when 66 is divided by 27.
12
What is the remainder when 50 is divided by 18?
14
What is the remainder when 198 is divided by 101?
97
What is the remainder when 688 is divided by 15?
13
Calculate the remainder when 1436 is divided by 45.
41
Calculate the remainder when 34 is divided by 9.
7
Calculate the remainder when 142 is divided by 4.
2
What is the remainder when 387 is divided by 188?
11
Calculate the remainder when 830 is divided by 105.
95
What is the remainder when 35 is divided by 18?
17
What is the remainder when 6690 is divided by 25?
15
What is the remainder when 89 is divided by 29?
2
Calculate the remainder when 647 is divided by 164.
155
What is the remainder when 1774 is divided by 162?
154
What is the remainder when 346 is divided by 25?
21
What is the remainder when 1986 is divided by 198?
6
Calculate the remainder when 1536 is divided by 155.
141
What is the remainder when 130 is divided by 50?
30
What is the remainder when 3635 is divided by 36?
35
What is the remainder when 286 is divided by 23?
10
What is the remainder when 93 is divided by 45?
3
Calculate the remainder when 245 is divided by 50.
45
Calculate the remainder when 736 is divided by 152.
128
Calculate the remainder when 64586 is divided by 241.
239
Calculate the remainder when 414 is divided by 50.
14
What is the remainder when 180 is divided by 88?
4
What is the remainder when 303 is divided by 53?
38
Calculate the remainder when 832 is divided by 26.
0
What is the remainder when 591 is divided by 66?
63
What is the remainder when 91 is divided by 80?
11
Calculate the remainder when 77 is divided by 39.
38
Calculate the remainder when 105 is divided by 92.
13
What is the remainder when 161 is divided by 43?
32
Calculate the remainder when 511 is divided by 19.
17
Calculate the remainder when 221 is divided by 37.
36
What is the remainder when 392 is divided by 43?
5
Calculate the remainder when 751 is divided by 187.
3
Calculate the remainder when 156 is divided by 113.
43
What is the remainder when 203 is divided by 13?
8
Calculate the remainder when 546 is divided by 67.
10
Calculate the remainder when 889 is divided by 21.
7
Calculate the remainder when 284 is divided by 15.
14
Calculate the remainder when 398 is divided by 163.
72
What is the remainder when 2003 is divided by 17?
14
What is the remainder when 49008 is divided by 65?
63
What is the remainder when 1548 is divided by 31?
29
What is the remainder when 72 is divided by 50?
22
Calculate the remainder when 1646 is divided by 59.
53
Calculate the remainder when 127 is divided by 37.
16
Calculate the remainder when 2744 is divided by 15.
14
Calculate the remainder when 40 is divided by 10.
0
What is the remainder when 237 is divided by 76?
9
Calculate the remainder when 559 is divided by 56.
55
What is the remainder when 95 is divided by 50?
45
What is the remainder when 1278 is divided by 423?
9
What is the remainder when 320 is divided by 107?
106
What is the remainder when 560 is divided by 168?
56
What is the remainder when 285 is divided by 16?
13
Calculate the remainder when 2358 is divided by 27.
9
Calculate the remainder when 144 is divided by 50.
44
Calculate the remainder when 167 is divided by 5.
2
What is the remainder when 276 is divided by 93?
90
What is the remainder when 1673 is divided by 67?
65
Calculate the remainder when 1073 is divided by 192.
113
What is the remainder when 161 is divided by 88?
73
Calculate the remainder when 78 is divided by 43.
35
Calculate the remainder when 59 is divided by 34.
25
What is the remainder when 25589 is divided by 8?
5
What is the remainder when 565 is divided by 137?
17
Calculate the remainder when 150 is divided by 26.
20
What is the remainder when 82 is divided by 71?
11
What is the remainder when 278 is divided by 57?
50
Calculate the remainder when 133 is divided by 34.
31
Calculate the remainder when 982 is divided by 139.
9
What is the remainder when 564 is divided by 114?
108
What is the remainder when 123 is divided by 64?
59
What is the remainder when 586 is divided by 19?
16
Calculate the remainder when 148 is divided by 132.
16
What is the remainder when 192 is divided by 38?
2
What is the remainder when 187 is divided by 32?
27
What is the remainder when 265 is divided by 120?
25
What is the remainder when 143 is divided by 24?
23
What is the remainder when 762 is divided by 15?
12
Calculate the remainder when 738 is divided by 70.
38
Calculate the remainder when 31 is divided by 15.
1
What is the remainder when 4759 is divided by 119?
118
What is the remainder when 676 is divided by 135?
1
What is the remainder when 851 is divided by 12?
11
What is the remainder when 208 is divided by 19?
18
What is the remainder when 244 is divided by 118?
8
What is the remainder when 265 is divided by 133?
132
What is the remainder when 307 is divided by 22?
21
Calculate the remainder when 76 is divided by 9.
4
What is the remainder when 57 is divided by 10?
7
What is the remainder when 382 is divided by 11?
8
What is the remainder when 222 is divided by 112?
110
What is the remainder when 1400 is divided by 1397?
3
Calculate the remainder when 237 is divided by 138.
99
What is the remainder when 874 is divided by 214?
18
Calculate the remainder when 726 is divided by 56.
54
Calculate the remainder when 10475 is divided by 108.
107
Calculate the remainder when 622 is divided by 24.
22
What is the remainder when 209 is divided by 4?
1
Calculate the remainder when 2142 is divided by 33.
30
What is the remainder when 38919 is divided by 78?
75
What is the remainder when 4080 is divided by 4073?
7
Calculate the remainder when 4277 is divided by 186.
185
What is the remainder when 3440 is divided by 82?
78
Calculate the remainder when 299 is divided by 103.
93
What is the remainder when 188 is divided by 74?
40
Calculate the remainder when 63 is divided by 18.
9
What is the remainder when 79 is divided by 1